 (base 5) to base 4.
120313
Convert -504 (base 8) to base 15.
-169
-292c (base 16) to base 4
-2210230
-b7b2 (base 12) to base 5
-1121100
What is 222c (base 13) in base 16?
12a2
Convert -10101011111111 (base 2) to base 4.
-2223333
1011212021 (base 3) to base 6
255311
What is 100200110 (base 3) in base 7?
26403
10000001110011 (base 2) to base 16
2073
Convert 10222032 (base 4) to base 6.
224210
5251 (base 11) to base 14
2769
Convert -51a (base 16) to base 10.
-1306
Convert -3267 (base 8) to base 7.
-5004
What is 10010001110010010 (base 2) in base 9?
123345
What is 115223 (base 6) in base 13?
4878
Convert 11c (base 14) to base 13.
141
Convert -831 (base 16) to base 4.
-200301
-2422 (base 8) to base 2
-10100010010
Convert -10210201201 (base 3) to base 2.
-10010010010001010
-79a (base 15) to base 16
-6b8
Convert 3663 (base 13) to base 4.
1320012
What is -1268 (base 14) in base 15?
-e53
-1001122 (base 3) to base 4
-30011
What is -10011 (base 6) in base 8?
-2427
Convert 2232 (base 4) to base 8.
256
What is -164 (base 12) in base 13?
-13c
1202 (base 5) to base 16
b1
16597 (base 10) to base 15
4db7
What is 1000111100011 (base 2) in base 15?
1554
Convert -17081 (base 9) to base 14.
-43c5
Convert 1ff (base 16) to base 10.
511
What is 10010000100110 (base 2) in base 16?
2426
Convert 315b (base 12) to base 9.
7358
-3b6 (base 16) to base 4
-32312
Convert -1024003 (base 5) to base 7.
-101444
What is -14325 (base 9) in base 13?
-4586
What is -351 (base 9) in base 12?
-201
-41a2 (base 11) to base 3
-21121211
Convert -1de (base 15) to base 3.
-121002
Convert 63 (base 15) to base 12.
79
What is 3333 (base 6) in base 16?
309
What is 142400 (base 6) in base 11?
a196
What is -29303 (base 12) in base 14?
-16d23
Convert 208e (base 16) to base 4.
2002032
-268a (base 12) to base 6
-32254
Convert -1004 (base 5) to base 8.
-201
-2738 (base 11) to base 10
-3550
Convert 1110010111 (base 2) to base 6.
4131
Convert -5ee0 (base 15) to base 16.
-4f0b
What is 212431 (base 6) in base 14?
64dd
What is 4714 (base 8) in base 16?
9cc
Convert 10001101110101 (base 2) to base 5.
242302
Convert 2726 (base 9) to base 13.
c18
What is 151243 (base 7) in base 15?
8a24
What is 38393 (base 10) in base 11?
26933
1100200 (base 5) to base 15
5885
Convert -2131013 (base 4) to base 11.
-7611
-11312303 (base 4) to base 16
-5db3
4324 (base 8) to base 7
6406
Convert -21213 (base 4) to base 11.
-50a
afdf (base 16) to base 14
1259d
-4cd6 (base 14) to base 9
-20477
42 (base 12) to base 5
200
What is -10010011 (base 2) in base 6?
-403
-42a2 (base 14) to base 16
-2cf6
-22cd (base 16) to base 3
-110012222
2087b (base 13) to base 7
332530
-39c7 (base 14) to base 9
-14851
Convert 578 (base 12) to base 3.
1010002
What is 223110 (base 4) in base 11?
20a0
Convert 12200 (base 3) to base 13.
ba
Convert -795 (base 11) to base 13.
-582
4a5 (base 11) to base 9
735
Convert 28a (base 13) to base 10.
452
Convert 167a (base 13) to base 16.
cf0
What is 13ed (base 15) in base 6?
31441
Convert -557 (base 10) to base 2.
-1000101101
What is -21c1 (base 16) in base 13?
-3c19
What is -38e (base 16) in base 2?
-1110001110
-50113 (base 6) to base 9
-8850
102111002 (base 3) to base 12
4a18
Convert 3863 (base 12) to base 3.
22210110
What is 23020223 (base 4) in base 3?
2022120022
What is -b620 (base 16) in base 12?
-22b94
What is -3031023 (base 4) in base 15?
-3d56
What is -11353 (base 6) in base 14?
-861
What is 45 (base 12) in base 11?
49
What is -2001202202 (base 3) in base 16?
-9ecf
Convert -1116 (base 7) to base 14.
-20d
What is -43 (base 10) in base 15?
-2d
-3560 (base 9) to base 5
-41041
Convert -1980 (base 10) to base 3.
-2201100
11003 (base 5) to base 2
1011110001
Convert -2751 (base 13) to base 16.
-160b
3a4 (base 16) to base 12
658
What is 78c (base 15) in base 13?
a14
What is 4c6c (base 16) in base 2?
100110001101100
What is -21110 (base 3) in base 12?
-149
Convert -554 (base 6) to base 8.
-326
Convert -2783 (base 12) to base 13.
-2100
What is 387 (base 12) in base 13?
322
Convert 101010112 (base 3) to base 13.
3491
-124024 (base 5) to base 14
-1ad3
Convert -32212 (base 5) to base 3.
-2222211
What is 14042 (base 5) in base 3?
1120111
Convert -1066 (base 12) to base 8.
-3416
Convert 202210 (base 4) to base 11.
1731
Convert -12210211 (base 3) to base 2.
-1000010001010
Convert 496 (base 10) to base 4.
13300
Convert -19c (base 13) to base 5.
-2143
Convert -13787 (base 9) to base 2.
-10010010110010
What is 643 (base 7) in base 5?
2300
-d76 (base 14) to base 3
-10122020
What is -1161 (base 8) in base 5?
-10000
Convert 101313232 (base 4) to base 2.
10001110111101110
What is 1c1 (base 15) in base 14?
210
Convert -2064 (base 7) to base 10.
-732
-544 (base 8) to base 10
-356
What is -584e (base 15) in base 12?
-aa25
What is 202222 (base 3) in base 16?
236
1866c (base 15) to base 9
130423
What is 2037 (base 10) in base 9?
2713
34a5 (base 11) to base 14
1960
-1010110 (base 3) to base 16
-336
63848 (base 9) to base 3
2010221122
191b (base 15) to base 11
4093
What is -39 (base 15) in base 4?
-312
What is -15352 (base 12) in base 9?
-44868
What is -c0 (base 15) in base 9?
-220
What is 4411 (base 5) in base 12?
426
Convert -40a3 (base 12) to base 6.
-52323
What is 110010001 (base 2) in base 8?
621
11110102 (base 4) to base 15
66bd
-2031330 (base 4) to base 16
-237c
-412 (base 10) to base 11
-345
Convert -76015 (base 9) to base 12.
-2514b
-1044155 (base 6) to base 14
-15339
Convert 2111112 (base 3) to base 6.
12235
Convert 12032 (base 5) to base 6.
4044
What is a11 (base 16) in base 12?
15a9
Convert 342 (base 15) to base 5.
10422
-110421 (base 5) to base 10
-3861
13445 (base 12) to base 10
26549
Convert 3b3 (base 15) to base 9.
1136
What is -35535 (base 6) in base 4?
-1100303
1c7b (base 13) to base 2
1000011100111
What is 1992 (base 14) in base 6?
33244
22320 (base 4) to base 13
417
What is 13032 (base 6) in base 3?
2200202
What is 98d (base 14) in base 13?
b24
Convert 10000011101001010 (base 2) to base 13.
248aa
-313a (base 14) to base 4
-2010200
-65722 (base 8) to base 9
-41768
What is -102440 (base 6) in base 14?
-30a4
Convert 1260 (base 8) to base 15.
30d
Convert -22221 (base 6) to base 9.
-4234
245353 (base 6) to base 11
15551
22022 (base 4) to base 6
3002
Convert 2962 (base 12) to base 16.
12da
131060 (base 8) to base 12
22494
Convert 2265 (base 7) to base 6.
3503
What is -131071 (base 8) in base 16?
-b239
1005 (base 8) to base 14
28d
10564 (base 10) to base 9
15437
What is 4024 (base 11) in base 7?
21412
Convert 565 (base 12) to base 3.
1002112
Convert -2473 (base 8) to base 13.
-7c0
What is 2864 (base 11) in base 12?
2184
What is 545 (base 10) in base 11?
456
-200011 (base 3) to base 15
-22a
Convert 7c5 (base 14) to base 16.
609
What is 204715 (base 8) in base 5?
4134140
What is -3524 (base 7) in base 2?
-10100001100
Convert -700 (base 8) to base 14.
-240
Convert -1310422 (base 5) to base 3.
-1022022020
What is -1230 (base 7) in base 2?
-111001110
What is 4262 (base 8) in base 16?
8b2
-2c0 (base 16) to base 7
-2024
What is 162 (base 9) in base 15?
92
39ec (base 15) to base 8
30124
Convert 3718 (base 10) to base 11.
2880
What is 137b (base 13) in base 14?
1046
What is -110000 (base 2) in base 9?
-53
What is -12889 (base 11) in base 3?
-221012022
Convert 11110011011010 (base 2) to base 12.
9022
Convert 1102312 (base 4) to base 6.
40314
-111001001 (base 2) to base 6
-2041
What is 43a3 (base 16) in base 2?
100001110100011
387 (base 15) to base 9
1081
What is -1603 (base 7) in base 8?
-1200
Convert -452425 (base 6) to base 3.
-1221100222
What is -1ba25 (base 14) in base 10?
-70593
What is -10344 (base 7) in base 10?
-2580
What is -12002120 (base 3) in base 16?
-e82
Convert -641 (base 11) to base 6.
-3323
Convert -1254 (base 6) to base 13.
-1ba
Convert 11276 (base 8) to base 10.
4798
What is 3137 (base 12) in base 13?
25a2
Convert 229c4 (base 13) to base 10.
63197
Convert -2996 (base 13) to base 8.
-13626
What is -c01 (base 13) in base 11?
-1585
Convert -101010001100101 (base 2) to base 9.
-32565
What is -8326 (base 9) in base 12?
-3643
-2429 (base 11) to base 5
-100202
Convert 63111 (base 7) to base 14.
5908
What is 2602 (base 7) in base 5?
12412
-10f (base 16) to base 10
-271
-101101001110100 (base 2) to base 8
-55164
55760 (ba